t is 1124635 + 1?
1124636
In base 4, what is 3 - 11023011?
-11023002
In base 5, what is 1300343442 - -2?
1300343444
In base 10, what is -4 - -2253?
2249
In base 5, what is 22024304 + 4?
22024313
In base 10, what is -1 + 12039?
12038
In base 2, what is -11 + -1110010110110?
-1110010111001
In base 9, what is 202331 + -34?
202286
In base 7, what is -4 - -532024?
532020
In base 4, what is -1000 + 2311?
1311
In base 15, what is -13 + 31e?
30b
In base 9, what is 11311 - 85?
11215
In base 2, what is 101 - 110100101000111011?
-110100101000110110
In base 2, what is 10001 - 110101111?
-110011110
In base 9, what is 1 + 183036?
183037
In base 15, what is -a2ce - 11?
-a2e0
In base 9, what is -3 - -10107?
10104
In base 13, what is 26 + 7a39?
7a62
In base 9, what is -55522 + 2?
-55520
In base 9, what is -2 - 4203?
-4205
In base 7, what is 1005022 - 5?
1005014
In base 8, what is -101 + -454?
-555
In base 3, what is 1 + 10221122122?
10221122200
In base 9, what is 34 + -3257?
-3223
In base 12, what is -4138 - -3?
-4135
In base 5, what is -11300 - -433?
-10312
In base 10, what is 3 + -2444?
-2441
In base 16, what is -2674 + -7e?
-26f2
In base 9, what is -7158 + -383?
-7552
In base 6, what is -413320 - 0?
-413320
In base 13, what is 2 + 3b0ca?
3b0cc
In base 15, what is -1c - 106?
-123
In base 13, what is -8 - -2060?
2055
In base 11, what is 5 + -7992?
-7988
In base 6, what is 251002545 - 1?
251002544
In base 5, what is 240 - 12023?
-11233
In base 14, what is 13 + -9c575?
-9c562
In base 7, what is 2412534 + -5?
2412526
In base 10, what is 15557 + -183?
15374
In base 10, what is -1 + -12132?
-12133
In base 16, what is -27d52a - -3?
-27d527
In base 9, what is 432723 - 3?
432720
In base 7, what is 3363626 + -3?
3363623
In base 15, what is -c1c9b5 + -2?
-c1c9b7
In base 4, what is 101322 + 0?
101322
In base 11, what is -679a + 57?
-6743
In base 15, what is -911 + -1e?
-930
In base 2, what is -10010000 + -111110001?
-1010000001
In base 10, what is -10 - -6498?
6488
In base 14, what is 4 - -34846?
3484a
In base 13, what is 83 - -9bc?
a72
In base 6, what is 1210224 - 4?
1210220
In base 5, what is 41132 + 1?
41133
In base 10, what is 1057 + 472?
1529
In base 12, what is -3 - 28b0?
-28b3
In base 3, what is -1210211000 + -11?
-1210211011
In base 7, what is 20 + 14526?
14546
In base 14, what is -6637a + 4?
-66376
In base 8, what is -22 - -6176?
6154
In base 2, what is -1010100 - -10011101000101?
10011011110001
In base 11, what is -1137 - 306?
-1442
In base 14, what is -3 + 32476?
32473
In base 16, what is 13d + 85b?
998
In base 15, what is -19a7b - 3?
-19a7e
In base 2, what is 110111 - -1100001110111?
1100010101110
In base 14, what is 1a - -929?
945
In base 7, what is 11626 + 3?
11632
In base 11, what is -3 + 3aa016?
3aa013
In base 14, what is -1 + -d7?
-d8
In base 9, what is 24406 - 8?
24387
In base 3, what is 1210100020 - 10?
1210100010
In base 10, what is -6369 - 594?
-6963
In base 15, what is 7ae - -17?
7c6
In base 15, what is 4 - -ee39?
ee3d
In base 5, what is -203 + -232240?
-232443
In base 11, what is 19 - 2470?
-2452
In base 11, what is -174a27 - 4?
-174a30
In base 3, what is 110 + 200001102?
200001212
In base 15, what is 1bc11b + -2?
1bc119
In base 11, what is -2 - 27705?
-27707
In base 2, what is 1 + -100111111110100?
-100111111110011
In base 14, what is -491dc + 0?
-491dc
In base 11, what is -aa01 + -153?
-10054
In base 8, what is 3 - -15617?
15622
In base 15, what is 2 - -131ec?
131ee
In base 12, what is -7 + 4005?
3bba
In base 10, what is -26 + 15554?
15528
In base 16, what is -19 - d41?
-d5a
In base 13, what is b89849 + 3?
b8984c
In base 4, what is -202002 - 301?
-202303
In base 6, what is 142 + -1035531?
-1035345
In base 3, what is -1200021122002 + -11?
-1200021122020
In base 2, what is -10101001001011011110 + 101?
-10101001001011011001
In base 7, what is 1221341 - -5?
1221346
In base 7, what is -1 - 504103?
-504104
In base 8, what is 4670 - -20?
4710
In base 13, what is -635 - 9?
-641
In base 5, what is 12034 - -43?
12132
In base 3, what is 11011 - -1112?
12200
In base 2, what is 11111110 - -1111011001?
10011010111
In base 2, what is 1000110 + -101001011011001?
-101001010010011
In base 11, what is 1796 - 25?
1771
In base 10, what is 4710 + -66?
4644
In base 7, what is -226 - 3300?
-3526
In base 2, what is -110001111 + 11111111?
-10010000
In base 10, what is 27016 - -3?
27019
In base 13, what is -75c9 - -15?
-75b4
In base 2, what is -100 - -100101001101101100?
100101001101101000
In base 3, what is -12 + -202210111?
-202210200
In base 9, what is -1432 - -78?
-1343
In base 13, what is 2c0ab + 1a?
2c0c8
In base 5, what is -3330 + 130?
-3200
In base 6, what is -1104543 - -4?
-1104535
In base 8, what is -150122 - 36?
-150160
In base 3, what is -121121 - -2121?
-112000
In base 5, what is -10 - 301001?
-301011
In base 9, what is 830418 + 2?
830421
In base 6, what is -23423203 - -1?
-23423202
In base 15, what is -6 - a99?
-aa0
In base 11, what is -63111 + -5?
-63116
In base 16, what is -8d - 408?
-495
In base 8, what is -14224 - 26?
-14252
In base 3, what is -111122020 + -1?
-111122021
In base 7, what is 126 - 3025?
-2566
In base 5, what is -14210302 + 4?
-14210243
In base 10, what is -21799 - -3?
-21796
In base 14, what is -1615 + 5?
-1610
In base 6, what is 1022 - -4342?
5404
In base 11, what is -96a7 + 19?
-9689
In base 5, what is 1001212140 - -1?
1001212141
In base 9, what is 143283 - 5?
143277
In base 10, what is 1 - 488793?
-488792
In base 12, what is 229436a + 1?
229436b
In base 14, what is 2 - b920?
-b91c
In base 8, what is 2 - -23246?
23250
In base 5, what is 3 + 223202?
223210
In base 9, what is -82232 + -15?
-82247
In base 11, what is -4 + -10111?
-10115
In base 2, what is 1110001101010 - 10000010?
1101111101000
In base 8, what is -1 + -101420?
-101421
In base 15, what is -1ddab + b?
-1dda0
In base 11, what is 2 - -2946?
2948
In base 10, what is -212225 + -3?
-212228
In base 3, what is 101002101 - 22?
101002002
In base 3, what is 12 + 11122112120?
11122112202
In base 16, what is 9 + -68f?
-686
In base 4, what is -13 + 322011?
321332
In base 3, what is 0 + -100012012100?
-100012012100
In base 7, what is -11225405 + 5?
-11225400
In base 4, what is -22331 + -10032?
-33023
In base 6, what is -1304 - 2003?
-3311
In base 11, what is -21154 + 1?
-21153
In base 2, what is 1111000 + 1100111101?
1110110101
In base 12, what is 118777 - -5?
118780
In base 2, what is -1001000000 - 10000101011?
-11001101011
In base 14, what is -aaa8 + -49?
-ab13
In base 5, what is -1 - 31312333?
-31312334
In base 9, what is -10 + -317603?
-317613
In base 4, what is -1211200321 + 2?
-1211200313
In base 14, what is -b - 3c642?
-3c64d
In base 11, what is -599 + 64?
-535
In base 5, what is 4420310 + -12?
4420243
In base 5, what is 2 - 122341?
-122334
In base 11, what is 188 - -3303?
3490
In base 6, what is 311033 + -3?
311030
In base 11, what is -1070a + 210?
-104aa
In base 8, what is 31700 - -36?
31736
In base 16, what is -5a99d - 1?
-5a99e
In base 3, what is 111101 - 110?
110221
In base 6, what is 14 - -41313?
41331
In base 5, what is 1202 - 114?
1033
In base 5, what is -320 - -21330?
21010
In base 9, what is 13462 - 28?
13433
In base 11, what is 6a7 - -583?
117a
In base 4, what is 20203332123 + 2?
20203332131
In base 8, what is 150 - 270?
-120
In base 8, what is 4 + 17213?
17217
In base 12, what is -5 - b006a?
-b0073
In base 3, what is -120000 + -20?
-120020
In base 8, what is -10520 - -42?
-10456
In base 9, what is -10 - 2040?
-2050
In base 3, what is -10002002021 + -1220?
-10002011011
In base 6, what is -52 - 51430?
-51522
In base 15, what is -b347 + 9e?
-b298
In base 14, what is -795c + -17?
-7975
In base 6, what is 20 + 35243?
35303
In base 5, what is 3214141 - 4?
3214132
In base 8, what is -557433 + 1?
-557432
In base 7, what is 16431 + -61?
16340
In base 15, what is 7 - 50b?
-504
In base 9, what is 747320 - 2?
747317
In base 11, what is 9030 - -2?
9032
In base 13, what is -105a8 - -a?
-1059b
In base 15, what is -a0 - -3451?
33a1
In base 3, what is 2020 - -11212221?
11222011
In base 16, what is -ad - 3?
-b0
In base 5, what is -214220 + 40?
-214130
In base 3, what is -1022202022 - 11?
-1022202110
In base 3, what is 101212101 - -112212?
102102020
In base 8, what is 5051 - -15?
5066